multiple of 3841?
False
Is 393 a factor of 9066903?
True
Is 735982029 a multiple of 37?
False
Does 55 divide 284045025?
True
Is 2000909884 a multiple of 7138?
True
Is 79 a factor of 364128125?
False
Is 16 a factor of 165509777?
False
Is 13 a factor of 164979477?
True
Is 98704138 a multiple of 292?
False
Is 152 a factor of 66999868?
False
Does 5 divide 125801655?
True
Is 1329 a factor of 15536988?
False
Is 485 a factor of 45875109?
False
Is 6198536 a multiple of 1591?
True
Does 13 divide 4509397?
False
Is 141 a factor of 65470812?
True
Is 7 a factor of 183000139?
True
Does 1616 divide 426664400?
True
Is 45 a factor of 12496680?
True
Is 10 a factor of 1498036223?
False
Is 99 a factor of 12046419?
True
Is 12 a factor of 380890235?
False
Is 92 a factor of 1912867588?
True
Is 32 a factor of 42313824?
True
Is 39 a factor of 148221027?
False
Is 2422020 a multiple of 148?
True
Is 123358503 a multiple of 18?
False
Is 113 a factor of 19589454?
True
Does 9 divide 156896554?
False
Does 25 divide 1381227025?
True
Is 2786 a factor of 118535015?
False
Is 4131 a factor of 2060600634?
True
Is 1583669520 a multiple of 18?
True
Is 62578656 a multiple of 567?
True
Does 13 divide 611235274?
True
Is 856492397 a multiple of 478?
False
Is 684182219 a multiple of 20?
False
Does 1248 divide 2091591142?
False
Is 14 a factor of 1443769796?
True
Does 5764 divide 10793667?
False
Is 29 a factor of 93219691?
False
Does 380 divide 52536371?
False
Does 2429 divide 2827219976?
True
Is 39 a factor of 17487795?
True
Is 75 a factor of 119974246?
False
Does 5656 divide 1069896647?
False
Does 2038 divide 75284526?
False
Does 47 divide 2719017445?
True
Is 112254820 a multiple of 20?
True
Is 291 a factor of 43738464?
True
Is 123382180 a multiple of 382?
True
Does 827 divide 8668614?
True
Is 16 a factor of 115821136?
True
Is 3300793609 a multiple of 1052?
False
Is 15402830 a multiple of 569?
True
Is 2059721640 a multiple of 20?
True
Is 133704900 a multiple of 3420?
True
Is 36 a factor of 263370528?
True
Is 1416 a factor of 15701326?
False
Does 28 divide 23453090?
False
Is 254 a factor of 10731754?
True
Is 157884352 a multiple of 928?
True
Does 2274 divide 26010012?
True
Is 1222 a factor of 2475618028?
True
Is 284 a factor of 58352628?
True
Is 47 a factor of 1488886492?
True
Is 169 a factor of 34922349?
False
Does 4185 divide 689817735?
True
Is 1930491433 a multiple of 1408?
False
Is 20 a factor of 900623160?
True
Is 56227584 a multiple of 128?
True
Is 82635120 a multiple of 1206?
True
Is 27 a factor of 799281108?
True
Does 61 divide 2362636567?
True
Does 206 divide 1731436180?
True
Is 429 a factor of 100660648?
False
Does 38 divide 271358342?
True
Is 337662480 a multiple of 16?
True
Does 8 divide 3378727976?
True
Is 2249 a factor of 682473027?
False
Is 1205 a factor of 4586230?
True
Is 115772030 a multiple of 110?
True
Is 4590446003 a multiple of 13?
True
Is 659290500 a multiple of 900?
True
Is 17 a factor of 2315479190?
False
Is 1371 a factor of 124523817?
True
Is 65002792 a multiple of 14?
False
Is 16909421 a multiple of 31?
False
Is 792723580 a multiple of 6?
False
Is 5009 a factor of 126071521?
True
Is 4289438911 a multiple of 21?
False
Is 28 a factor of 4522759?
False
Does 9113 divide 809725688?
False
Does 1297 divide 390280270?
True
Does 600 divide 1276287600?
True
Is 21961205 a multiple of 161?
True
Is 1897133 a multiple of 7?
True
Is 156868826 a multiple of 38?
True
Is 13 a factor of 1197436435?
True
Is 12304321 a multiple of 43?
True
Is 323636808 a multiple of 103?
False
Does 10567 divide 840055366?
True
Is 1179956735 a multiple of 565?
True
Does 992 divide 235907002?
False
Is 10 a factor of 7676660?
True
Does 211 divide 264258932?
True
Is 176488180 a multiple of 242?
True
Is 12 a factor of 43075532?
False
Is 3 a factor of 25492278?
True
Is 12661900 a multiple of 5?
True
Is 8829328 a multiple of 8?
True
Is 492 a factor of 3406940032?
False
Does 65 divide 107355947?
False
Is 751485 a multiple of 21?
True
Is 21 a factor of 166376448?
True
Does 134 divide 485264652?
True
Is 8 a factor of 64780424?
True
Does 26 divide 12770232?
False
Is 211897120 a multiple of 3268?
True
Is 13 a factor of 10011925?
False
Does 53 divide 11132862?
True
Is 85 a factor of 92810949?
False
Does 35 divide 6258344532?
False
Is 13 a factor of 20803885?
False
Does 23 divide 14465183?
True
Is 11 a factor of 8714580?
False
Is 124 a factor of 561521172?
False
Does 16649 divide 810551269?
False
Does 131 divide 31722796?
False
Is 1129593771 a multiple of 276?
False
Is 7467600 a multiple of 6?
True
Is 2749 a factor of 489580516?
False
Is 30611060 a multiple of 928?
False
Is 34 a factor of 371562066?
False
Is 2 a factor of 63121465?
False
Does 128 divide 2613836?
False
Is 8236044 a multiple of 57?
True
Is 304 a factor of 690605050?
False
Is 122043133 a multiple of 61?
False
Does 457 divide 74084878?
False
Is 5851 a factor of 800194462?
True
Is 7566 a factor of 220936586?
False
Is 30 a factor of 30403680?
True
Is 31565304 a multiple of 72?
True
Does 8 divide 528699080?
True
Is 339 a factor of 1285855137?
True
Is 19926730 a multiple of 10?
True
Is 147 a factor of 981340689?
True
Does 1579 divide 82276580?
False
Is 657774041 a multiple of 61?
True
Is 5209 a factor of 1226302780?
True
Is 26 a factor of 2057302?
True
Does 25 divide 16467853?
False
Does 673 divide 57808202?
False
Is 56450570 a multiple of 10?
True
Is 2049 a factor of 31378386?
True
Is 76868981 a multiple of 7?
True
Does 16 divide 141898672?
True
Is 677978252 a multiple of 14?
True
Is 33179873 a multiple of 16?
False
Does 4343 divide 88901210?
True
Is 14 a factor of 301981577?
False
Does 522 divide 63719368?
False
Is 25 a factor of 282979388?
False
Does 14 divide 56729666?
True
Is 7 a factor of 203352408?
True
Is 628987806 a multiple of 10403?
False
Is 90388415 a multiple of 1073?
False
Does 9 divide 31970277?
True
Is 636740136 a multiple of 72?
True
Does 198 divide 643102712?
False
Does 727 divide 12983493?
True
Does 6053 divide 1136081517?
True
Is 37 a factor of 76560733?
True
Is 4445048 a multiple of 67?
True
Is 4241682213 a multiple of 10?
False
Is 493 a factor of 49952732?
True
Does 509 divide 140303245?
False
Does 3338 divide 680870671?
False
Does 378 divide 64735146?
True
Is 849961394 a multiple of 123?
False
Does 689 divide 230573381?
False
Does 174 divide 2995531626?
True
Is 401295821 a multiple of 317?
False
Is 12 a factor of 55790940?
True
Is 993865850 a multiple of 4?
False
Does 13 divide 21366477?
False
Does 29 divide 67377962?
True
Does 4169 divide 229557647?
True
Does 9 divide 298507140?
True
Is 11 a factor of 5028669?
False
Does 59 divide 800371816?
True
Does 392 divide 6568961?
False
Is 420717310 a multiple of 65?
True
Does 332 divide 2884516063?
False
Does 2733 divide 309968661?
True
Is 1283159992 a multiple of 2151?
False
Is 20 a factor of 52877180?
True
Does 90 divide 1943708580?
True
Is 20 a factor of 161580682?
False
Is 9857 a factor of 955785560?
False
Does 44 divide 393537716?
True
Is 261371695 a multiple of 65?
True
Does 65 divide 206925165?
False
Is 109 a factor of 3737719?
True
Does 49 divide 183628235?
True
Is 18177540 a multiple of 12?
True
Is 87 a factor of 132202624?
False
Does 537 divide 16612644?
False
Is 58 a factor of 717630114?
True
Is 2 a factor of 72185873?
False
Is 1948 a factor of 160051576?
True
Does 207 divide 249657732?
True
Is 2715 a factor of 76082445?
True
Is 125 a factor of 108401625?
True
Is 403 a factor of 101790546?
True
Is 114144596 a multiple of 34?
True
Is 125616636 a multiple of 2844?
True
Does 6 divide 20428750?
False
Does 41 divide 17787363?
False
Is 263289928 a multiple of 88?
True
Is 277345943 a multiple of 1981?
True
Is 2027780051 a multiple of 13?
False
Does 16 divide 15759968?
True
Does 86 divide 8142308?
True
Is 108 a factor of 107705118?
False
Is 779720987 a multiple of 274?
False
Does 12 divide 2319666319?
False
Does 84 divide 411548786?
False
Is 203 a factor of 140002953?
False
Is 437532291 a multiple of 21?
True
Is 709215760 a multiple of 4334?
True
Does 45 divide 72905310?
True
Does 1150 divide 112204350?
True
Is 484 a factor of 679049452?
False
Is 101526480 a multiple of 54?
True
Is 116 a factor of 12704220?
False
Does 238 divide 678529813?
False
Is 284 a factor of 271053787?
False
